4
Let g(k) be the first derivative of -3*k**2 - 3*k - 3. Suppose o + 2*o = 3. Let p = o + -3. Determine g(p).
9
Let q(g) = 6 - 2*g + 2 - 8*g + 8*g. Give q(7).
-6
Let p(b) be the third derivative of -b**4/24 - b**3/6 - 5*b**2. Calculate p(1).
-2
Let p(u) = 4*u**2 - u. Let m = 8 + -11. Let w(a) = a**3 + 3*a**2 - a - 2. Let k be w(m). What is p(k)?
3
Let m be 2/8 + 43/4. Suppose 3*b - 4*z + 9 = 0, -3*z = -b - m + 3. Let o(t) = 3*t - 3. Let u(v) = -2*v + 2. Let f(x) = -3*o(x) - 4*u(x). Determine f(b).
0
Let p(y) = y**3 + y**2 + y + 9. Suppose 6*l = 5*l. Calculate p(l).
9
Let d(w) = 7*w**2 - 7*w. Let j(l) = 8*l**2 - 6*l. Let t(k) = -5*d(k) + 6*j(k). Let i = 3 - 4. What is t(i)?
14
Suppose 0 = 2*j + 3*j - 15. Let k(o) = -5*o - 2. Let q(r) = r. Let u(c) = 10*c + 5. Let l(x) = 4*q(x) + u(x). Let d(s) = -8*k(s) - 3*l(s). What is d(j)?
-5
Let v(m) be the second derivative of -1/6*m**3 + 2*m - 2*m**2 + 0. Determine v(-5).
1
Let t be 2/(4/(0 - -12) + -1). Let h(s) = -2*s**3 - 3*s**2 + 4*s - 1. Give h(t).
14
Let z(l) = 17*l**2 + 3*l + 19*l**2 - 35*l**2. Let k be (-1)/(-1)*(2 + -5). Determine z(k).
0
Let k(x) = -x + 7. Let m be k(2). Let g(n) be the second derivative of -3/2*n**2 - n + 0 + 5/6*n**3 - 1/12*n**4. Calculate g(m).
-3
Let m(x) = 2*x - 11. Let c be m(8). Let s(v) = -c + 7 - v**2 + 2*v + 5*v - 3*v. Give s(4).
2
Let h(v) be the second derivative of -v**6/360 + v**5/120 - v**4/12 + v. Let s(f) be the third derivative of h(f). Calculate s(-3).
7
Let i(a) = -a**3 - 5*a**2 - 2*a + 2. Let t be i(-4). Let h(r) = 3*r + 7. What is h(t)?
-11
Let l(k) = -3*k**2 + k - 8. Suppose 0 = m - 0*m - 5. Let p(f) = -4*f**2 + 2*f - 12. Let o(i) = m*p(i) - 7*l(i). What is o(-3)?
-4
Suppose -3*a = g - 3, -3*a + 5*g - 15 = -6*a. Suppose a = -3*r + 7*r - 16. Let d(t) = -t**2 + 5*t + 1. Give d(r).
5
Let i(g) be the second derivative of -g**4/12 + 3*g**2/2 - 2*g. Let u(h) be the first derivative of i(h). What is u(-2)?
4
Let t be ((-8)/(-6))/((70/21)/5). Let h(a) = a**3 - 3*a**2 + 3*a - 1. Calculate h(t).
1
Let n(k) = 8 + 2*k + 2*k**2 - 8. Let l be 8*(-6)/16*-2. Let g be (4/l)/((-1)/3). Determine n(g).
4
Let s(n) = 5 - 5*n**2 - 1 + 71*n + n**3 - 77*n. Determine s(6).
4
Let j(a) = -a**3 - a + 7. Let b = -51 + 51. Determine j(b).
7
Let v(f) = 2*f - 8. Let z(m) = -6*m + 24. Let c(w) = -8*v(w) - 3*z(w). Determine c(6).
4
Let y(f) = -f + 1. Let u be (-1)/(-2) - (-35)/(-14). Determine y(u).
3
Let b(n) be the first derivative of n**2 + 3*n + 1. Let c(f) = -2*f + 19. Let v be c(9). Let z(l) = l. Let h(a) = v*b(a) - 3*z(a). Give h(4).
-1
Suppose -4*z + z = -15. Suppose -4*w + z - 1 = 0. Let b(r) = -23*r**2 + 3. Let n(k) = 8*k**2 - 1. Let s(x) = -6*b(x) - 17*n(x). What is s(w)?
1
Let x(y) = -12*y**2 + 3*y + 9. Let g(q) = q**2 - q - 1. Let s(b) = 6*g(b) + x(b). Give s(2).
-27
Let a(o) = -2*o + 1. Let s(r) = r**3 - 3*r**2 - 5*r + 6. Let l be s(4). Suppose 0 = 4*n, 2*k + 2 = 4*n - n. Let b = l + k. Calculate a(b).
-1
Let r(h) = -70*h - 65*h - 1 + 210*h - 76*h. Calculate r(7).
-8
Let j(c) = -c - 1. Let b(m) = -2*m - 3. Let t be 1/1*(11 + -12). Let x(i) = t*b(i) + 3*j(i). What is x(-2)?
2
Let o = -1 + 4. Let s(g) = 1 - 4*g - o + g**2 + 0. Suppose -8 = p - 3*p. Determine s(p).
-2
Let u(o) = 2*o**2 + 2*o - 2. Let r = 8 + -6. Calculate u(r).
10
Let y(c) be the first derivative of c**3/3 - c**2 - 2*c + 2. Let j(q) be the first derivative of y(q). Suppose -20*u = -16*u - 12. Determine j(u).
4
Let n(x) = 4*x**3 + 2*x - 1. Suppose -j - 1 = -3*t, 4*j + 0 - 8 = 0. Give n(t).
5
Let x(k) = -k + 5. Let s(c) = 3*c**3 + c**2 - 1. Let y be s(1). Suppose 8 = y*l - 1. Calculate x(l).
2
Let v(d) = -d**3 - d**2 + 3*d - 4. Suppose 4*f + 46 = 34. Determine v(f).
5
Let i(u) be the third derivative of u**6/60 - u**5/30 - u**4/12 + u**3/3 - 8*u**2. Give i(-2).
-18
Let s(w) = -5*w + 4*w**2 + 2 - 2*w**3 + w**3 + 1 + 0. Determine s(3).
-3
Suppose -2*d - 5 = -5*j, 0 = -0*j + 4*j - 2*d - 6. Let p(x) be the first derivative of 3*x**2/2 + 11. Give p(j).
-3
Let o(d) = -4*d - 3. Let n(q) = -q - 2. Let s be n(-4). Suppose 0 = -4*m - s*g, -5*m - 2*g - 6 = -g. Determine o(m).
5
Let x = -15 - -17. Let j(k) = k**2 - 7*k - 6. Let i be j(8). Let b(l) = l + 0*l - i*l. Determine b(x).
-2
Suppose 3*t - 21 = 2*f, 5 = f + 3*t + 20. Let o = f + 8. Let z be o/10 - (-27)/5. Let n(b) = -b**2 + 6*b. What is n(z)?
5
Let c(a) = 9*a**2 + 2*a + 1. Let g(v) = 2*v**3 + v**2. Let l be g(-1). Give c(l).
8
Let a(b) = -2*b - 1 + 4*b - 2. Let y be a(4). Let w(x) = x**2 + 5*x + 2*x**2 + 1 - 4*x**2. Determine w(y).
1
Let s(a) = -a**3 + 6*a**2 + 7*a - 4. Suppose 54*g + 35 = 59*g. Calculate s(g).
-4
Let k(j) = -j**2 + 14*j - 15. Let t be k(13). Let h(a) = -a - 4. Let c be h(t). Let n(f) be the first derivative of -f**3/3 + f**2 + 3*f + 1. Calculate n(c).
-5
Let t = -4 - -4. Suppose 6*p = 4*p - l + 13, t = -p - l + 6. Let m = p - 2. Let q(n) = n**3 - 4*n**2 - 5*n + 7. What is q(m)?
7
Let q(l) = 7 + 61*l**2 + 2*l - 31*l**2 - 31*l**2. What is q(3)?
4
Suppose 0*o + 2*o = 0. Let s(i) = i. Let y be s(o). Let z(n) = 2*n**2 + 9 - 13*n**3 + 14*n**3 - 3*n**2. What is z(y)?
9
Let f(n) be the first derivative of 0*n - 1 + 2*n**2 + 1/3*n**3. Determine f(-5).
5
Let j(z) = 32*z - z**2 + 2*z**2 - 35*z - 2. What is j(5)?
8
Suppose 24 = 19*f - 33. Let d(y) = -y**3 + 2*y**2 + 3*y. What is d(f)?
0
Let j(f) = f**3 - 2*f. Let g(p) = -2*p - 2. Suppose 2*z = -z. Let a be g(z). Determine j(a).
-4
Suppose 0*s - 9 = 3*s. Let t(c) be the second derivative of c**4/12 + c. What is t(s)?
9
Suppose 4*g - 3*i - 20 = -0*g, 5*g - 30 = 5*i. Let b(z) be the second derivative of 0 - 1/3*z**3 + 0*z**g + 3*z. Determine b(5).
-10
Let p(d) be the second derivative of -d**7/2520 + d**6/240 + d**5/30 - d**4/6 - 2*d. Let t(a) be the third derivative of p(a). What is t(3)?
4
Suppose -3*y + 12 - 27 = 0. Let d(r) = 2*r + 4. What is d(y)?
-6
Let k = 0 + -1. Let w(f) = 2*f. Let b(a) = -a. Let l(n) = 10*b(n) + 2*w(n). Give l(k).
6
Suppose 6 = 5*h - x - 37, -3*x = 9. Let t = h - 8. Let f(o) = -o**3 + o**2 - 11. What is f(t)?
-11
Let q(u) = -u**2 + 10*u - 3. Suppose 0 = 5*j - 70 + 20. Let a be q(j). Let z(b) = -1 + 2*b - 4*b + 0*b. What is z(a)?
5
Let a(g) = -g**2 + 2*g - 3. Let h be a(2). Let p = 18 - 12. Let f = p + h. Let l(u) = -u**2 + 4*u. Give l(f).
3
Let z(f) be the third derivative of f**4/24 + 5*f**3/3 - 9*f**2. Calculate z(-8).
2
Let v(w) = -2*w + 5 + 7*w**3 + 1 + 0*w - w**2 - 7. Let n(r) = r - 1. Let k be n(6). Suppose -3*s - 2*s - k = 0. Calculate v(s).
-7
Suppose 5*l - 21 = -5*c + 24, -3*l + 3*c = 3. Let y(k) = -4*k - k**2 + 1 - 5 + 2*k**2. Give y(l).
-4
Suppose -4*v - 8 = -40. Let m = v + -5. Let i(d) = -d**2 + d - 1. Let j(l) = 5*l**2 - 4*l + 4. Let c(z) = 11*i(z) + 2*j(z). Give c(m).
-3
Suppose -28 = -2*u - 2*u - 4*r, -4*u + 2*r + 16 = 0. Suppose -3*c + 9 = 0, -c - 1 = -3*k + u*k. Let x(q) = -2*q**2 - 3*q - 1. What is x(k)?
-3
Let k(h) be the third derivative of -h**2 - 1/12*h**4 + 0*h + 1/3*h**3 + 0. Suppose 0*n + 2*n - 20 = 2*s, 0 = -n + 5*s + 30. What is k(n)?
-8
Let l be (1 + 0/(-1))*1. Let h(z) = 4*z + 2. Let g(r) = -8*r - 3. Let n(x) = 3*g(x) + 5*h(x). What is n(l)?
-3
Suppose -4*g = -g - 12. Let q(l) = -l**2 + 2*l + 5. Let w(t) = 2*t**2 - 4*t - 11. Let r(z) = 5*q(z) + 2*w(z). Determine r(g).
-5
Let f be -9*((-325)/45 + 7). Let z(w) = 15*w - 4. Let l(n) = 7*n - 2. Let q(s) = -9*l(s) + 4*z(s). What is q(f)?
-4
Suppose -3*w + 5*s = w + 12, -22 = -3*w - 4*s. Let g(x) = 4*x - 3*x - 2 + w + x**2 - 5. Determine g(-4).
7
Let s(c) = -4*c**2 + 3*c - 4. Suppose -3*l - 4 + 0 = 5*b, -2*l = -3*b + 9. Let g(z) = z**2 + z + 1. Let w(a) = l*g(a) - s(a). What is w(5)?
-4
Let h be -1 - ((-2 - -3) + -4). Let x = -2 + h. Let f(a) be the third derivative of a**6/120 + a**5/60 - a**4/24 + 4*a**3/3 + 20*a**2. What is f(x)?
8
Let c(o) be the first derivative of o - 4 + 1/2*o**2 + 1/3*o**3. Determine c(-2).
3
Let a(k) = -4*k + 1. Let s be 1/(1/(-14)*2). Let m = -8 - s. What is a(m)?
5
Let r be (-1 - 2) + (-30)/(-3). Let a(g) = -5 + 3*g - 2*g + 9 - 2. Give a(r).
9
Let o(l) be the first derivative of l**4/4 - 5*l**3/3 + l**2/2 - 7*l + 27. Calculate o(5).
-2
Let t(q) = -q**2 + q + 7. Let m be ((-6)/(-10))/(2/10). Suppose -4*k - 16 = 7*r - 6*r, -12 = -5*r + m*k. Suppose -b + 3*b = r. Determine t(b).
7
Let l